{"id":143,"date":"2026-01-15T21:15:40","date_gmt":"2026-01-15T14:15:40","guid":{"rendered":"https:\/\/ps99slot.com\/?page_id=143"},"modified":"2026-01-15T21:15:40","modified_gmt":"2026-01-15T14:15:40","slug":"lien-he-ps99","status":"publish","type":"page","link":"https:\/\/ps99slot.com\/lien-he-ps99\/","title":{"rendered":"Li\u00ean h\u1ec7 PS99"},"content":{"rendered":"<div id=\"ez-toc-container\" class=\"ez-toc-v2_0_79_2 counter-hierarchy ez-toc-counter ez-toc-grey ez-toc-container-direction\">\n<div class=\"ez-toc-title-container\">\n<p class=\"ez-toc-title\" style=\"cursor:inherit\">Table of Contents<\/p>\n<span class=\"ez-toc-title-toggle\"><a href=\"#\" class=\"ez-toc-pull-right ez-toc-btn ez-toc-btn-xs ez-toc-btn-default ez-toc-toggle\" aria-label=\"Toggle Table of Content\"><span class=\"ez-toc-js-icon-con\"><span class=\"\"><span class=\"eztoc-hide\" style=\"display:none;\">Toggle<\/span><span class=\"ez-toc-icon-toggle-span\"><svg style=\"fill: #999;color:#999\" xmlns=\"http:\/\/www.w3.org\/2000\/svg\" class=\"list-377408\" width=\"20px\" height=\"20px\" viewBox=\"0 0 24 24\" fill=\"none\"><path d=\"M6 6H4v2h2V6zm14 0H8v2h12V6zM4 11h2v2H4v-2zm16 0H8v2h12v-2zM4 16h2v2H4v-2zm16 0H8v2h12v-2z\" fill=\"currentColor\"><\/path><\/svg><svg style=\"fill: #999;color:#999\" class=\"arrow-unsorted-368013\" xmlns=\"http:\/\/www.w3.org\/2000\/svg\" width=\"10px\" height=\"10px\" viewBox=\"0 0 24 24\" version=\"1.2\" baseProfile=\"tiny\"><path d=\"M18.2 9.3l-6.2-6.3-6.2 6.3c-.2.2-.3.4-.3.7s.1.5.3.7c.2.2.4.3.7.3h11c.3 0 .5-.1.7-.3.2-.2.3-.5.3-.7s-.1-.5-.3-.7zM5.8 14.7l6.2 6.3 6.2-6.3c.2-.2.3-.5.3-.7s-.1-.5-.3-.7c-.2-.2-.4-.3-.7-.3h-11c-.3 0-.5.1-.7.3-.2.2-.3.5-.3.7s.1.5.3.7z\"\/><\/svg><\/span><\/span><\/span><\/a><\/span><\/div>\n<nav><ul class='ez-toc-list ez-toc-list-level-1 ' ><li class='ez-toc-page-1 ez-toc-heading-level-1'><a class=\"ez-toc-link ez-toc-heading-1\" href=\"https:\/\/ps99slot.com\/lien-he-ps99\/#Lien_he_PS99_%E2%80%93_Ho_tro_247_giai_dap_moi_thac_mac_nhanh_gon\" >Li\u00ean h\u1ec7 PS99 \u2013 H\u1ed7 tr\u1ee3 24\/7, gi\u1ea3i \u0111\u00e1p m\u1ecdi th\u1eafc m\u1eafc nhanh g\u1ecdn<\/a><ul class='ez-toc-list-level-2' ><li class='ez-toc-heading-level-2'><a class=\"ez-toc-link ez-toc-heading-2\" href=\"https:\/\/ps99slot.com\/lien-he-ps99\/#Gioi_thieu_kenh_lien_he_PS99_toi_nguoi_choi\" >Gi\u1edbi thi\u1ec7u k\u00eanh li\u00ean h\u1ec7 PS99 t\u1edbi ng\u01b0\u1eddi ch\u01a1i<\/a><\/li><li class='ez-toc-page-1 ez-toc-heading-level-2'><a class=\"ez-toc-link ez-toc-heading-3\" href=\"https:\/\/ps99slot.com\/lien-he-ps99\/#Nhung_truong_hop_can_lien_he_PS99\" >Nh\u1eefng tr\u01b0\u1eddng h\u1ee3p c\u1ea7n li\u00ean h\u1ec7 PS99<\/a><\/li><li class='ez-toc-page-1 ez-toc-heading-level-2'><a class=\"ez-toc-link ez-toc-heading-4\" href=\"https:\/\/ps99slot.com\/lien-he-ps99\/#Cac_phuong_thuc_lien_he_PS99\" >C\u00e1c ph\u01b0\u01a1ng th\u1ee9c li\u00ean h\u1ec7 PS99<\/a><ul class='ez-toc-list-level-3' ><li class='ez-toc-heading-level-3'><a class=\"ez-toc-link ez-toc-heading-5\" href=\"https:\/\/ps99slot.com\/lien-he-ps99\/#1_Chat_truc_tuyen_tren_website\" >1. Chat tr\u1ef1c tuy\u1ebfn tr\u00ean website<\/a><\/li><li class='ez-toc-page-1 ez-toc-heading-level-3'><a class=\"ez-toc-link ez-toc-heading-6\" href=\"https:\/\/ps99slot.com\/lien-he-ps99\/#2_Lien_he_nha_cai_qua_hotline\" >2. Li\u00ean h\u1ec7 nh\u00e0 c\u00e1i qua hotline<\/a><\/li><li class='ez-toc-page-1 ez-toc-heading-level-3'><a class=\"ez-toc-link ez-toc-heading-7\" href=\"https:\/\/ps99slot.com\/lien-he-ps99\/#3_Lien_he_nha_cai_PS99_qua_Zalo\" >3. Li\u00ean h\u1ec7 nh\u00e0 c\u00e1i PS99 qua Zalo<\/a><\/li><li class='ez-toc-page-1 ez-toc-heading-level-3'><a class=\"ez-toc-link ez-toc-heading-8\" href=\"https:\/\/ps99slot.com\/lien-he-ps99\/#4_Lien_he_nha_cai_PS99_qua_Email\" >4. Li\u00ean h\u1ec7 nh\u00e0 c\u00e1i PS99 qua Email<\/a><\/li><\/ul><\/li><li class='ez-toc-page-1 ez-toc-heading-level-2'><a class=\"ez-toc-link ez-toc-heading-9\" href=\"https:\/\/ps99slot.com\/lien-he-ps99\/#Luu_y_quan_trong_khi_lien_he_tai_PS99\" >L\u01b0u \u00fd quan tr\u1ecdng khi li\u00ean h\u1ec7 t\u1ea1i PS99<\/a><\/li><li class='ez-toc-page-1 ez-toc-heading-level-2'><a class=\"ez-toc-link ez-toc-heading-10\" href=\"https:\/\/ps99slot.com\/lien-he-ps99\/#Ket_luan\" >K\u1ebft lu\u1eadn<\/a><\/li><\/ul><\/li><\/ul><\/nav><\/div>\n<h1><span class=\"ez-toc-section\" id=\"Lien_he_PS99_%E2%80%93_Ho_tro_247_giai_dap_moi_thac_mac_nhanh_gon\"><\/span>Li\u00ean h\u1ec7 PS99 \u2013 H\u1ed7 tr\u1ee3 24\/7, gi\u1ea3i \u0111\u00e1p m\u1ecdi th\u1eafc m\u1eafc nhanh g\u1ecdn<span class=\"ez-toc-section-end\"><\/span><\/h1>\n<p>Trong qu\u00e1 tr\u00ecnh tr\u1ea3i nghi\u1ec7m, vi\u1ec7c ph\u00e1t sinh s\u1ef1 c\u1ed1 l\u00e0 \u0111i\u1ec1u kh\u00f3 tr\u00e1nh. Khi g\u1eb7p b\u1ea5t k\u1ef3 v\u1ea5n \u0111\u1ec1 n\u00e0o, l\u1ef1a ch\u1ecdn hi\u1ec7u qu\u1ea3 nh\u1ea5t ch\u00ednh l\u00e0 li\u00ean h\u1ec7 PS99 \u0111\u1ec3 \u0111\u01b0\u1ee3c h\u1ed7 tr\u1ee3 k\u1ecbp th\u1eddi. <a href=\"https:\/\/ps99slot.com\/\">PS99<\/a> x\u00e2y d\u1ef1ng h\u1ec7 th\u1ed1ng ch\u0103m s\u00f3c kh\u00e1ch h\u00e0ng ho\u1ea1t \u0111\u1ed9ng 24\/7, \u0111\u1ea3m b\u1ea3o m\u1ecdi y\u00eau c\u1ea7u \u0111\u1ec1u \u0111\u01b0\u1ee3c ti\u1ebfp nh\u1eadn v\u00e0 x\u1eed l\u00fd nhanh ch\u00f3ng.<\/p>\n<h2><span class=\"ez-toc-section\" id=\"Gioi_thieu_kenh_lien_he_PS99_toi_nguoi_choi\"><\/span>Gi\u1edbi thi\u1ec7u k\u00eanh li\u00ean h\u1ec7 PS99 t\u1edbi ng\u01b0\u1eddi ch\u01a1i<span class=\"ez-toc-section-end\"><\/span><\/h2>\n<p>PS99 lu\u00f4n \u0111\u1eb7t ch\u1ea5t l\u01b0\u1ee3ng d\u1ecbch v\u1ee5 v\u00e0 s\u1ef1 h\u00e0i l\u00f2ng c\u1ee7a ng\u01b0\u1eddi d\u00f9ng l\u00ean h\u00e0ng \u0111\u1ea7u, v\u00ec v\u1eady h\u1ec7 th\u1ed1ng li\u00ean h\u1ec7 PS99 \u0111\u01b0\u1ee3c \u0111\u1ea7u t\u01b0 chuy\u00ean nghi\u1ec7p, \u0111a d\u1ea1ng k\u00eanh giao ti\u1ebfp v\u00e0 t\u1ed1i \u01b0u th\u1eddi gian ph\u1ea3n h\u1ed3i, gi\u00fap x\u1eed l\u00fd m\u1ecdi v\u1ea5n \u0111\u1ec1 nhanh ch\u00f3ng m\u00e0 kh\u00f4ng l\u00e0m gi\u00e1n \u0111o\u1ea1n tr\u1ea3i nghi\u1ec7m.<\/p>\n<figure id=\"attachment_102\" aria-describedby=\"caption-attachment-102\" style=\"width: 800px\" class=\"wp-caption aligncenter\"><img loading=\"lazy\" decoding=\"async\" class=\"size-full wp-image-102\" src=\"https:\/\/ps99slot.com\/wp-content\/uploads\/2026\/01\/vai-net-ve-kenh-lien-he-ps99_4.webp\" alt=\"vai-net-ve-kenh-lien-he-ps99_4\" width=\"800\" height=\"400\" srcset=\"https:\/\/ps99slot.com\/wp-content\/uploads\/2026\/01\/vai-net-ve-kenh-lien-he-ps99_4.webp 800w, https:\/\/ps99slot.com\/wp-content\/uploads\/2026\/01\/vai-net-ve-kenh-lien-he-ps99_4-300x150.webp 300w, https:\/\/ps99slot.com\/wp-content\/uploads\/2026\/01\/vai-net-ve-kenh-lien-he-ps99_4-768x384.webp 768w\" sizes=\"auto, (max-width: 800px) 100vw, 800px\" \/><figcaption id=\"caption-attachment-102\" class=\"wp-caption-text\">V\u00e0i n\u00e9t v\u1ec1 k\u00eanh li\u00ean h\u1ec7 ps99<\/figcaption><\/figure>\n<h2><span class=\"ez-toc-section\" id=\"Nhung_truong_hop_can_lien_he_PS99\"><\/span>Nh\u1eefng tr\u01b0\u1eddng h\u1ee3p c\u1ea7n li\u00ean h\u1ec7 PS99<span class=\"ez-toc-section-end\"><\/span><\/h2>\n<p>M\u1ed9t s\u1ed1 t\u00ecnh hu\u1ed1ng ph\u1ed5 bi\u1ebfn n\u00ean ch\u1ee7 \u0111\u1ed9ng li\u00ean h\u1ec7 g\u1ed3m:<\/p>\n<ul>\n<li style=\"font-weight: 400;\" aria-level=\"1\">Kh\u00f4ng \u0111\u0103ng nh\u1eadp \u0111\u01b0\u1ee3c t\u00e0i kho\u1ea3n, qu\u00ean m\u1eadt kh\u1ea9u.<\/li>\n<li style=\"font-weight: 400;\" aria-level=\"1\">Giao d\u1ecbch n\u1ea1p ti\u1ec1n ho\u1eb7c r\u00fat ti\u1ec1n b\u1ecb l\u1ed7i, x\u1eed l\u00fd ch\u1eadm.<\/li>\n<li style=\"font-weight: 400;\" aria-level=\"1\">Kh\u00f4ng truy c\u1eadp \u0111\u01b0\u1ee3c website, b\u1ecb ch\u1eb7n link.<\/li>\n<li style=\"font-weight: 400;\" aria-level=\"1\">C\u1ea7n xin link d\u1ef1 ph\u00f2ng m\u1edbi nh\u1ea5t.<\/li>\n<li style=\"font-weight: 400;\" aria-level=\"1\">T\u00e0i kho\u1ea3n b\u1ecb kh\u00f3a ho\u1eb7c nghi ng\u1edd c\u00f3 truy c\u1eadp b\u1ea5t th\u01b0\u1eddng.<\/li>\n<li style=\"font-weight: 400;\" aria-level=\"1\">Mu\u1ed1n t\u00ecm hi\u1ec3u lu\u1eadt ch\u01a1i, c\u00e1ch \u0111\u1eb7t c\u01b0\u1ee3c, c\u00e1ch nh\u1eadn th\u01b0\u1edfng.<\/li>\n<li style=\"font-weight: 400;\" aria-level=\"1\">C\u1ea7n t\u01b0 v\u1ea5n v\u1ec1 c\u00e1c ch\u01b0\u01a1ng tr\u00ecnh khuy\u1ebfn m\u00e3i.<\/li>\n<li style=\"font-weight: 400;\" aria-level=\"1\">G\u1eedi ph\u1ea3n h\u1ed3i, g\u00f3p \u00fd ho\u1eb7c khi\u1ebfu n\u1ea1i d\u1ecbch v\u1ee5.<\/li>\n<\/ul>\n<p>Trong m\u1ecdi tr\u01b0\u1eddng h\u1ee3p tr\u00ean, li\u00ean h\u1ec7 nh\u00e0 c\u00e1i l\u00e0 c\u00e1ch nhanh nh\u1ea5t \u0111\u1ec3 nh\u1eadn \u0111\u01b0\u1ee3c h\u01b0\u1edbng d\u1eabn ch\u00ednh x\u00e1c.<\/p>\n<h2><span class=\"ez-toc-section\" id=\"Cac_phuong_thuc_lien_he_PS99\"><\/span>C\u00e1c ph\u01b0\u01a1ng th\u1ee9c li\u00ean h\u1ec7 PS99<span class=\"ez-toc-section-end\"><\/span><\/h2>\n<p>PS99 cung c\u1ea5p nhi\u1ec1u k\u00eanh h\u1ed7 tr\u1ee3 linh ho\u1ea1t, gi\u00fap vi\u1ec7c li\u00ean h\u1ec7 tr\u1edf n\u00ean d\u1ec5 d\u00e0ng, ti\u1ec7n l\u1ee3i v\u00e0 ph\u00f9 h\u1ee3p v\u1edbi t\u1eebng nhu c\u1ea7u kh\u00e1c nhau, \u0111\u1ea3m b\u1ea3o ng\u01b0\u1eddi d\u00f9ng lu\u00f4n c\u00f3 th\u1ec3 k\u1ebft n\u1ed1i nhanh ch\u00f3ng v\u00e0 nh\u1eadn \u0111\u01b0\u1ee3c h\u1ed7 tr\u1ee3 k\u1ecbp th\u1eddi khi c\u1ea7n thi\u1ebft.<\/p>\n<figure id=\"attachment_82\" aria-describedby=\"caption-attachment-82\" style=\"width: 800px\" class=\"wp-caption aligncenter\"><img loading=\"lazy\" decoding=\"async\" class=\"size-full wp-image-82\" src=\"https:\/\/ps99slot.com\/wp-content\/uploads\/2026\/01\/phuong-thuc-lien-he-tai-nha-cai_48.webp\" alt=\"phuong-thuc-lien-he-tai-nha-cai_48\" width=\"800\" height=\"400\" srcset=\"https:\/\/ps99slot.com\/wp-content\/uploads\/2026\/01\/phuong-thuc-lien-he-tai-nha-cai_48.webp 800w, https:\/\/ps99slot.com\/wp-content\/uploads\/2026\/01\/phuong-thuc-lien-he-tai-nha-cai_48-300x150.webp 300w, https:\/\/ps99slot.com\/wp-content\/uploads\/2026\/01\/phuong-thuc-lien-he-tai-nha-cai_48-768x384.webp 768w\" sizes=\"auto, (max-width: 800px) 100vw, 800px\" \/><figcaption id=\"caption-attachment-82\" class=\"wp-caption-text\">Ph\u01b0\u01a1ng th\u1ee9c li\u00ean h\u1ec7 t\u1ea1i nh\u00e0 c\u00e1i<\/figcaption><\/figure>\n<h3><span class=\"ez-toc-section\" id=\"1_Chat_truc_tuyen_tren_website\"><\/span>1. Chat tr\u1ef1c tuy\u1ebfn tr\u00ean website<span class=\"ez-toc-section-end\"><\/span><\/h3>\n<p>Chat online l\u00e0 h\u00ecnh th\u1ee9c li\u00ean h\u1ec7 PS99 \u0111\u01b0\u1ee3c s\u1eed d\u1ee5ng ph\u1ed5 bi\u1ebfn nh\u1ea5t. Ch\u1ec9 c\u1ea7n truy c\u1eadp trang ch\u1ee7 v\u00e0 nh\u1ea5n v\u00e0o bi\u1ec3u t\u01b0\u1ee3ng chat, nh\u1eadp n\u1ed9i dung c\u1ea7n h\u1ed7 tr\u1ee3 l\u00e0 s\u1ebd c\u00f3 nh\u00e2n vi\u00ean ph\u1ea3n h\u1ed3i.<\/p>\n<p>\u01afu \u0111i\u1ec3m:<\/p>\n<ul>\n<li style=\"font-weight: 400;\" aria-level=\"1\">Ph\u1ea3n h\u1ed3i nhanh<\/li>\n<li style=\"font-weight: 400;\" aria-level=\"1\">Mi\u1ec5n ph\u00ed<\/li>\n<li style=\"font-weight: 400;\" aria-level=\"1\">D\u1ec5 thao t\u00e1c<\/li>\n<\/ul>\n<h3><span class=\"ez-toc-section\" id=\"2_Lien_he_nha_cai_qua_hotline\"><\/span>2. Li\u00ean h\u1ec7 nh\u00e0 c\u00e1i qua hotline<span class=\"ez-toc-section-end\"><\/span><\/h3>\n<p>Hotline l\u00e0 l\u1ef1a ch\u1ecdn ph\u00f9 h\u1ee3p trong nh\u1eefng tr\u01b0\u1eddng h\u1ee3p c\u1ea7n trao \u0111\u1ed5i tr\u1ef1c ti\u1ebfp v\u00e0 x\u1eed l\u00fd s\u1ef1 c\u1ed1 m\u1ed9t c\u00e1ch kh\u1ea9n c\u1ea5p, gi\u00fap ti\u1ebft ki\u1ec7m t\u1ed1i \u0111a th\u1eddi gian ch\u1edd \u0111\u1ee3i. Vi\u1ec7c li\u00ean l\u1ea1c qua \u0111i\u1ec7n tho\u1ea1i cho ph\u00e9p tr\u00ecnh b\u00e0y v\u1ea5n \u0111\u1ec1 r\u00f5 r\u00e0ng, nh\u1eadn h\u01b0\u1edbng d\u1eabn c\u1ee5 th\u1ec3 ngay l\u1eadp t\u1ee9c v\u00e0 d\u1ec5 d\u00e0ng gi\u1ea3i quy\u1ebft nh\u1eefng t\u00ecnh hu\u1ed1ng ph\u1ee9c t\u1ea1p m\u00e0 c\u00e1c h\u00ecnh th\u1ee9c nh\u1eafn tin \u0111\u00f4i khi kh\u00f3 di\u1ec5n \u0111\u1ea1t h\u1ebft.<\/p>\n<h3><span class=\"ez-toc-section\" id=\"3_Lien_he_nha_cai_PS99_qua_Zalo\"><\/span>3. Li\u00ean h\u1ec7 nh\u00e0 c\u00e1i PS99 qua Zalo<span class=\"ez-toc-section-end\"><\/span><\/h3>\n<p>Zalo cho ph\u00e9p nh\u1eafn tin, g\u1ecdi \u0111i\u1ec7n v\u00e0 g\u1eedi h\u00ecnh \u1ea3nh khi c\u1ea7n m\u00f4 t\u1ea3 l\u1ed7i chi ti\u1ebft.<br \/>\n\u0110\u00e2y l\u00e0 m\u1ed9t h\u00ecnh th\u1ee9c li\u00ean h\u1ec7 PS99 ti\u1ec7n l\u1ee3i, tr\u1ef1c quan v\u00e0 d\u1ec5 s\u1eed d\u1ee5ng.<\/p>\n<h3><span class=\"ez-toc-section\" id=\"4_Lien_he_nha_cai_PS99_qua_Email\"><\/span>4. Li\u00ean h\u1ec7 nh\u00e0 c\u00e1i PS99 qua Email<span class=\"ez-toc-section-end\"><\/span><\/h3>\n<p>Email l\u00e0 ph\u01b0\u01a1ng th\u1ee9c li\u00ean h\u1ec7 ph\u00f9 h\u1ee3p khi c\u1ea7n tr\u00ecnh b\u00e0y n\u1ed9i dung m\u1ed9t c\u00e1ch \u0111\u1ea7y \u0111\u1ee7, chi ti\u1ebft ho\u1eb7c khi mu\u1ed1n l\u01b0u tr\u1eef th\u00f4ng tin trao \u0111\u1ed5i trong th\u1eddi gian d\u00e0i \u0111\u1ec3 ti\u1ec7n theo d\u00f5i v\u00e0 \u0111\u1ed1i chi\u1ebfu v\u1ec1 sau. M\u1eb7c d\u00f9 th\u1eddi gian ph\u1ea3n h\u1ed3i qua email c\u00f3 th\u1ec3 ch\u1eadm h\u01a1n so v\u1edbi c\u00e1c h\u00ecnh th\u1ee9c kh\u00e1c nh\u01b0 chat tr\u1ef1c tuy\u1ebfn hay hotline, nh\u01b0ng \u0111\u00e2y v\u1eabn \u0111\u01b0\u1ee3c xem l\u00e0 k\u00eanh li\u00ean h\u1ec7 PS99 an to\u00e0n, b\u1ea3o m\u1eadt cao v\u00e0 th\u00edch h\u1ee3p cho nh\u1eefng v\u1ea5n \u0111\u1ec1 quan tr\u1ecdng c\u1ea7n s\u1ef1 r\u00f5 r\u00e0ng v\u00e0 ch\u00ednh x\u00e1c.<\/p>\n<h2><span class=\"ez-toc-section\" id=\"Luu_y_quan_trong_khi_lien_he_tai_PS99\"><\/span>L\u01b0u \u00fd quan tr\u1ecdng khi li\u00ean h\u1ec7 t\u1ea1i PS99<span class=\"ez-toc-section-end\"><\/span><\/h2>\n<p>\u0110\u1ec3 qu\u00e1 tr\u00ecnh li\u00ean h\u1ec7 PS99 di\u1ec5n ra nhanh v\u00e0 hi\u1ec7u qu\u1ea3, c\u1ea7n ch\u00fa \u00fd:<\/p>\n<figure id=\"attachment_78\" aria-describedby=\"caption-attachment-78\" style=\"width: 800px\" class=\"wp-caption aligncenter\"><img loading=\"lazy\" decoding=\"async\" class=\"size-full wp-image-78\" src=\"https:\/\/ps99slot.com\/wp-content\/uploads\/2026\/01\/nhung-luu-y-can-chu-y-khi-lien-he-ps99_46.webp\" alt=\"nhung-luu-y-can-chu-y-khi-lien-he-ps99_46\" width=\"800\" height=\"400\" srcset=\"https:\/\/ps99slot.com\/wp-content\/uploads\/2026\/01\/nhung-luu-y-can-chu-y-khi-lien-he-ps99_46.webp 800w, https:\/\/ps99slot.com\/wp-content\/uploads\/2026\/01\/nhung-luu-y-can-chu-y-khi-lien-he-ps99_46-300x150.webp 300w, https:\/\/ps99slot.com\/wp-content\/uploads\/2026\/01\/nhung-luu-y-can-chu-y-khi-lien-he-ps99_46-768x384.webp 768w\" sizes=\"auto, (max-width: 800px) 100vw, 800px\" \/><figcaption id=\"caption-attachment-78\" class=\"wp-caption-text\">Nh\u1eefng l\u01b0u \u00fd c\u1ea7n ch\u00fa \u00fd khi li\u00ean h\u1ec7 ps99<\/figcaption><\/figure>\n<ul>\n<li style=\"font-weight: 400;\" aria-level=\"1\">Cung c\u1ea5p \u0111\u1ea7y \u0111\u1ee7 v\u00e0 ch\u00ednh x\u00e1c th\u00f4ng tin t\u00e0i kho\u1ea3n.<\/li>\n<li style=\"font-weight: 400;\" aria-level=\"1\">Tr\u00ecnh b\u00e0y r\u00f5 n\u1ed9i dung l\u1ed7i v\u00e0 th\u1eddi gian x\u1ea3y ra.<\/li>\n<li style=\"font-weight: 400;\" aria-level=\"1\">Kh\u00f4ng g\u1eedi th\u00f4ng tin sai l\u1ec7ch ho\u1eb7c spam h\u1ec7 th\u1ed1ng.<\/li>\n<li style=\"font-weight: 400;\" aria-level=\"1\">Kh\u00f4ng chia s\u1ebb m\u1eadt kh\u1ea9u hay d\u1eef li\u1ec7u b\u1ea3o m\u1eadt cho ng\u01b0\u1eddi kh\u00f4ng thu\u1ed9c CSKH ch\u00ednh th\u1ee9c.<\/li>\n<li style=\"font-weight: 400;\" aria-level=\"1\">L\u00e0m theo h\u01b0\u1edbng d\u1eabn t\u1eeb \u0111\u1ed9i ng\u0169 h\u1ed7 tr\u1ee3 \u0111\u1ec3 x\u1eed l\u00fd nhanh nh\u1ea5t.<\/li>\n<li style=\"font-weight: 400;\" aria-level=\"1\">Ch\u1ec9 li\u00ean h\u1ec7 qua c\u00e1c k\u00eanh ch\u00ednh th\u1ee9c nh\u1eb1m tr\u00e1nh r\u1ee7i ro l\u1eeba \u0111\u1ea3o.<\/li>\n<\/ul>\n<h2><span class=\"ez-toc-section\" id=\"Ket_luan\"><\/span>K\u1ebft lu\u1eadn<span class=\"ez-toc-section-end\"><\/span><\/h2>\n<p>H\u1ec7 th\u1ed1ng li\u00ean h\u1ec7 PS99 \u0111\u01b0\u1ee3c x\u00e2y d\u1ef1ng \u0111\u1ea7y \u0111\u1ee7 v\u00e0 chuy\u00ean nghi\u1ec7p, \u0111\u00e1p \u1ee9ng m\u1ecdi nhu c\u1ea7u h\u1ed7 tr\u1ee3 t\u1eeb c\u01a1 b\u1ea3n \u0111\u1ebfn n\u00e2ng cao. Khi g\u1eb7p b\u1ea5t k\u1ef3 v\u1ea5n \u0111\u1ec1 n\u00e0o trong qu\u00e1 tr\u00ecnh tr\u1ea3i nghi\u1ec7m, vi\u1ec7c li\u00ean h\u1ec7 s\u1ebd gi\u00fap x\u1eed l\u00fd nhanh g\u1ecdn, an to\u00e0n v\u00e0 \u0111\u1ea3m b\u1ea3o qu\u00e1 tr\u00ecnh s\u1eed d\u1ee5ng d\u1ecbch v\u1ee5 lu\u00f4n \u1ed5n \u0111\u1ecbnh, tr\u01a1n tru.<\/p>\n","protected":false},"excerpt":{"rendered":"<p>Li\u00ean h\u1ec7 PS99 \u2013 H\u1ed7 tr\u1ee3 24\/7, gi\u1ea3i \u0111\u00e1p m\u1ecdi th\u1eafc m\u1eafc nhanh g\u1ecdn Trong qu\u00e1 tr\u00ecnh tr\u1ea3i nghi\u1ec7m, vi\u1ec7c ph\u00e1t sinh s\u1ef1 c\u1ed1 l\u00e0 \u0111i\u1ec1u kh\u00f3 tr\u00e1nh. Khi g\u1eb7p b\u1ea5t k\u1ef3 v\u1ea5n \u0111\u1ec1 n\u00e0o, l\u1ef1a ch\u1ecdn hi\u1ec7u qu\u1ea3 nh\u1ea5t ch\u00ednh l\u00e0 li\u00ean h\u1ec7 PS99 \u0111\u1ec3 \u0111\u01b0\u1ee3c h\u1ed7 tr\u1ee3 k\u1ecbp th\u1eddi. PS99 x\u00e2y d\u1ef1ng h\u1ec7 [&#8230;]\n","protected":false},"author":1,"featured_media":72,"parent":0,"menu_order":0,"comment_status":"closed","ping_status":"closed","template":"","meta":{"footnotes":""},"class_list":["post-143","page","type-page","status-publish","has-post-thumbnail","hentry"],"_links":{"self":[{"href":"https:\/\/ps99slot.com\/wp-json\/wp\/v2\/pages\/143","targetHints":{"allow":["GET"]}}],"collection":[{"href":"https:\/\/ps99slot.com\/wp-json\/wp\/v2\/pages"}],"about":[{"href":"https:\/\/ps99slot.com\/wp-json\/wp\/v2\/types\/page"}],"author":[{"embeddable":true,"href":"https:\/\/ps99slot.com\/wp-json\/wp\/v2\/users\/1"}],"replies":[{"embeddable":true,"href":"https:\/\/ps99slot.com\/wp-json\/wp\/v2\/comments?post=143"}],"version-history":[{"count":1,"href":"https:\/\/ps99slot.com\/wp-json\/wp\/v2\/pages\/143\/revisions"}],"predecessor-version":[{"id":144,"href":"https:\/\/ps99slot.com\/wp-json\/wp\/v2\/pages\/143\/revisions\/144"}],"wp:featuredmedia":[{"embeddable":true,"href":"https:\/\/ps99slot.com\/wp-json\/wp\/v2\/media\/72"}],"wp:attachment":[{"href":"https:\/\/ps99slot.com\/wp-json\/wp\/v2\/media?parent=143"}],"curies":[{"name":"wp","href":"https:\/\/api.w.org\/{rel}","templated":true}]}}