{"id":150,"date":"2026-01-25T19:20:48","date_gmt":"2026-01-25T12:20:48","guid":{"rendered":"https:\/\/ps99slot.com\/?page_id=150"},"modified":"2026-01-25T19:20:48","modified_gmt":"2026-01-25T12:20:48","slug":"casino-ps99","status":"publish","type":"page","link":"https:\/\/ps99slot.com\/casino-ps99\/","title":{"rendered":"Casino PS99"},"content":{"rendered":"<div id=\"ez-toc-container\" class=\"ez-toc-v2_0_79_2 counter-hierarchy ez-toc-counter ez-toc-grey ez-toc-container-direction\">\n<div class=\"ez-toc-title-container\">\n<p class=\"ez-toc-title\" style=\"cursor:inherit\">Table of Contents<\/p>\n<span class=\"ez-toc-title-toggle\"><a href=\"#\" class=\"ez-toc-pull-right ez-toc-btn ez-toc-btn-xs ez-toc-btn-default ez-toc-toggle\" aria-label=\"Toggle Table of Content\"><span class=\"ez-toc-js-icon-con\"><span class=\"\"><span class=\"eztoc-hide\" style=\"display:none;\">Toggle<\/span><span class=\"ez-toc-icon-toggle-span\"><svg style=\"fill: #999;color:#999\" xmlns=\"http:\/\/www.w3.org\/2000\/svg\" class=\"list-377408\" width=\"20px\" height=\"20px\" viewBox=\"0 0 24 24\" fill=\"none\"><path d=\"M6 6H4v2h2V6zm14 0H8v2h12V6zM4 11h2v2H4v-2zm16 0H8v2h12v-2zM4 16h2v2H4v-2zm16 0H8v2h12v-2z\" fill=\"currentColor\"><\/path><\/svg><svg style=\"fill: #999;color:#999\" class=\"arrow-unsorted-368013\" xmlns=\"http:\/\/www.w3.org\/2000\/svg\" width=\"10px\" height=\"10px\" viewBox=\"0 0 24 24\" version=\"1.2\" baseProfile=\"tiny\"><path d=\"M18.2 9.3l-6.2-6.3-6.2 6.3c-.2.2-.3.4-.3.7s.1.5.3.7c.2.2.4.3.7.3h11c.3 0 .5-.1.7-.3.2-.2.3-.5.3-.7s-.1-.5-.3-.7zM5.8 14.7l6.2 6.3 6.2-6.3c.2-.2.3-.5.3-.7s-.1-.5-.3-.7c-.2-.2-.4-.3-.7-.3h-11c-.3 0-.5.1-.7.3-.2.2-.3.5-.3.7s.1.5.3.7z\"\/><\/svg><\/span><\/span><\/span><\/a><\/span><\/div>\n<nav><ul class='ez-toc-list ez-toc-list-level-1 ' ><li class='ez-toc-page-1 ez-toc-heading-level-1'><a class=\"ez-toc-link ez-toc-heading-1\" href=\"https:\/\/ps99slot.com\/casino-ps99\/#Casino_PS99_%E2%80%93_Trai_nghiem_song_bai_truc_tuyen_dang_cap_quoc_te\" >Casino PS99 \u2013 Tr\u1ea3i nghi\u1ec7m s\u00f2ng b\u00e0i tr\u1ef1c tuy\u1ebfn \u0111\u1eb3ng c\u1ea5p qu\u1ed1c t\u1ebf<\/a><ul class='ez-toc-list-level-2' ><li class='ez-toc-heading-level-2'><a class=\"ez-toc-link ez-toc-heading-2\" href=\"https:\/\/ps99slot.com\/casino-ps99\/#Kham_pha_tong_quan_song_bai_casino_ps99\" >Kh\u00e1m ph\u00e1 t\u1ed5ng quan s\u00f2ng b\u00e0i casino ps99<\/a><\/li><li class='ez-toc-page-1 ez-toc-heading-level-2'><a class=\"ez-toc-link ez-toc-heading-3\" href=\"https:\/\/ps99slot.com\/casino-ps99\/#Uu_the_noi_bat_cua_nen_tang\" >\u01afu th\u1ebf n\u1ed5i b\u1eadt c\u1ee7a n\u1ec1n t\u1ea3ng<\/a><\/li><li class='ez-toc-page-1 ez-toc-heading-level-2'><a class=\"ez-toc-link ez-toc-heading-4\" href=\"https:\/\/ps99slot.com\/casino-ps99\/#Kho_tro_choi_phong_phu\" >Kho tr\u00f2 ch\u01a1i phong ph\u00fa<\/a><\/li><li class='ez-toc-page-1 ez-toc-heading-level-2'><a class=\"ez-toc-link ez-toc-heading-5\" href=\"https:\/\/ps99slot.com\/casino-ps99\/#Doi_tac_cung_cap_game_uy_tin\" >\u0110\u1ed1i t\u00e1c cung c\u1ea5p game uy t\u00edn<\/a><\/li><li class='ez-toc-page-1 ez-toc-heading-level-2'><a class=\"ez-toc-link ez-toc-heading-6\" href=\"https:\/\/ps99slot.com\/casino-ps99\/#An_toan_va_bao_mat_thong_tin\" >An to\u00e0n v\u00e0 b\u1ea3o m\u1eadt th\u00f4ng tin<\/a><\/li><li class='ez-toc-page-1 ez-toc-heading-level-2'><a class=\"ez-toc-link ez-toc-heading-7\" href=\"https:\/\/ps99slot.com\/casino-ps99\/#Khuyen_mai_khung_thuong_ve_lien_tuc\" >Khuy\u1ebfn m\u00e3i kh\u1ee7ng, th\u01b0\u1edfng v\u1ec1 li\u00ean t\u1ee5c<\/a><\/li><li class='ez-toc-page-1 ez-toc-heading-level-2'><a class=\"ez-toc-link ez-toc-heading-8\" href=\"https:\/\/ps99slot.com\/casino-ps99\/#Top_tro_choi_hap_dan_tai_song_bai\" >Top tr\u00f2 ch\u01a1i h\u1ea5p d\u1eabn t\u1ea1i s\u00f2ng b\u00e0i<\/a><\/li><li class='ez-toc-page-1 ez-toc-heading-level-2'><a class=\"ez-toc-link ez-toc-heading-9\" href=\"https:\/\/ps99slot.com\/casino-ps99\/#Cach_tham_gia_don_gian_de_thuc_hien\" >C\u00e1ch tham gia \u0111\u01a1n gi\u1ea3n, d\u1ec5 th\u1ef1c hi\u1ec7n<\/a><\/li><li class='ez-toc-page-1 ez-toc-heading-level-2'><a class=\"ez-toc-link ez-toc-heading-10\" href=\"https:\/\/ps99slot.com\/casino-ps99\/#Dich_vu_ho_tro_chuyen_nghiep\" >D\u1ecbch v\u1ee5 h\u1ed7 tr\u1ee3 chuy\u00ean nghi\u1ec7p<\/a><\/li><li class='ez-toc-page-1 ez-toc-heading-level-2'><a class=\"ez-toc-link ez-toc-heading-11\" href=\"https:\/\/ps99slot.com\/casino-ps99\/#Ket_luan\" >K\u1ebft lu\u1eadn<\/a><\/li><\/ul><\/li><\/ul><\/nav><\/div>\n<h1><span class=\"ez-toc-section\" id=\"Casino_PS99_%E2%80%93_Trai_nghiem_song_bai_truc_tuyen_dang_cap_quoc_te\"><\/span><span style=\"font-weight: 400;\">Casino PS99 \u2013 Tr\u1ea3i nghi\u1ec7m s\u00f2ng b\u00e0i tr\u1ef1c tuy\u1ebfn \u0111\u1eb3ng c\u1ea5p qu\u1ed1c t\u1ebf<\/span><span class=\"ez-toc-section-end\"><\/span><\/h1>\n<p><span style=\"font-weight: 400;\">Casino <a href=\"https:\/\/ps99slot.com\/\">ps99<\/a> l\u00e0 n\u1ec1n t\u1ea3ng s\u00f2ng b\u00e0i tr\u1ef1c tuy\u1ebfn hi\u1ec7n \u0111\u1ea1i, an to\u00e0n v\u00e0 chuy\u00ean nghi\u1ec7p, mang \u0111\u1ebfn tr\u1ea3i nghi\u1ec7m gi\u1ea3i tr\u00ed m\u01b0\u1ee3t m\u00e0 v\u1edbi kho game \u0111a d\u1ea1ng, giao di\u1ec7n \u0111\u1eb9p v\u00e0 h\u1ec7 th\u1ed1ng b\u1ea3o m\u1eadt cao.<\/span><\/p>\n<h2><span class=\"ez-toc-section\" id=\"Kham_pha_tong_quan_song_bai_casino_ps99\"><\/span><b>Kh\u00e1m ph\u00e1 t\u1ed5ng quan s\u00f2ng b\u00e0i casino ps99<\/b><span class=\"ez-toc-section-end\"><\/span><\/h2>\n<p><span style=\"font-weight: 400;\">Casino ps99 \u0111\u01b0\u1ee3c thi\u1ebft k\u1ebf nh\u1eb1m m\u00f4 ph\u1ecfng tr\u1ea3i nghi\u1ec7m s\u00f2ng b\u00e0i th\u1ef1c t\u1ebf ngay tr\u00ean n\u1ec1n t\u1ea3ng tr\u1ef1c tuy\u1ebfn. T\u1eeb giao di\u1ec7n, b\u1ed1 c\u1ee5c cho \u0111\u1ebfn c\u00e1ch v\u1eadn h\u00e0nh \u0111\u1ec1u h\u01b0\u1edbng t\u1edbi s\u1ef1 \u0111\u01a1n gi\u1ea3n, d\u1ec5 s\u1eed d\u1ee5ng nh\u01b0ng v\u1eabn gi\u1eef \u0111\u01b0\u1ee3c s\u1ef1 sang tr\u1ecdng v\u00e0 hi\u1ec7n \u0111\u1ea1i.<\/span><\/p>\n<figure id=\"attachment_91\" aria-describedby=\"caption-attachment-91\" style=\"width: 800px\" class=\"wp-caption aligncenter\"><img loading=\"lazy\" decoding=\"async\" class=\"size-full wp-image-91\" src=\"https:\/\/ps99slot.com\/wp-content\/uploads\/2026\/01\/tong-quan-danh-muc-casino-ps99_55.webp\" alt=\"tong-quan-danh-muc-casino-ps99_55\" width=\"800\" height=\"400\" srcset=\"https:\/\/ps99slot.com\/wp-content\/uploads\/2026\/01\/tong-quan-danh-muc-casino-ps99_55.webp 800w, https:\/\/ps99slot.com\/wp-content\/uploads\/2026\/01\/tong-quan-danh-muc-casino-ps99_55-300x150.webp 300w, https:\/\/ps99slot.com\/wp-content\/uploads\/2026\/01\/tong-quan-danh-muc-casino-ps99_55-768x384.webp 768w\" sizes=\"auto, (max-width: 800px) 100vw, 800px\" \/><figcaption id=\"caption-attachment-91\" class=\"wp-caption-text\">T\u1ed5ng quan danh m\u1ee5c casino ps99<\/figcaption><\/figure>\n<h2><span class=\"ez-toc-section\" id=\"Uu_the_noi_bat_cua_nen_tang\"><\/span><b>\u01afu th\u1ebf n\u1ed5i b\u1eadt c\u1ee7a n\u1ec1n t\u1ea3ng<\/b><span class=\"ez-toc-section-end\"><\/span><\/h2>\n<p><span style=\"font-weight: 400;\">\u0110i\u1ec3m m\u1ea1nh l\u1edbn nh\u1ea5t c\u1ee7a casino ps99 n\u1eb1m \u1edf s\u1ef1 \u1ed5n \u0111\u1ecbnh v\u00e0 t\u00ednh minh b\u1ea1ch trong m\u1ecdi ho\u1ea1t \u0111\u1ed9ng. H\u1ec7 th\u1ed1ng lu\u00f4n \u0111\u1ea3m b\u1ea3o t\u1ed1c \u0111\u1ed9 truy c\u1eadp nhanh, h\u1ea1n ch\u1ebf gi\u1eadt lag v\u00e0 duy tr\u00ec ch\u1ea5t l\u01b0\u1ee3ng h\u00ecnh \u1ea3nh s\u1eafc n\u00e9t trong su\u1ed1t qu\u00e1 tr\u00ecnh ch\u01a1i.<\/span><\/p>\n<p><span style=\"font-weight: 400;\">Ngo\u00e0i ra, n\u1ec1n t\u1ea3ng c\u00f2n \u0111\u01b0\u1ee3c \u0111\u00e1nh gi\u00e1 cao b\u1edfi kh\u1ea3 n\u0103ng t\u01b0\u01a1ng th\u00edch t\u1ed1t v\u1edbi nhi\u1ec1u thi\u1ebft b\u1ecb nh\u01b0 \u0111i\u1ec7n tho\u1ea1i, m\u00e1y t\u00ednh b\u1ea3ng v\u00e0 m\u00e1y t\u00ednh \u0111\u1ec3 b\u00e0n.<\/span><\/p>\n<h2><span class=\"ez-toc-section\" id=\"Kho_tro_choi_phong_phu\"><\/span><b>Kho tr\u00f2 ch\u01a1i phong ph\u00fa<\/b><span class=\"ez-toc-section-end\"><\/span><\/h2>\n<p><span style=\"font-weight: 400;\">Casino ps99 s\u1edf h\u1eefu h\u1ec7 th\u1ed1ng tr\u00f2 ch\u01a1i \u0111a d\u1ea1ng, \u0111\u00e1p \u1ee9ng nhi\u1ec1u phong c\u00e1ch gi\u1ea3i tr\u00ed kh\u00e1c nhau. Ng\u01b0\u1eddi ch\u01a1i c\u00f3 th\u1ec3 l\u1ef1a ch\u1ecdn c\u00e1c t\u1ef1a game ph\u1ed5 bi\u1ebfn nh\u01b0 Baccarat, Blackjack, Roulette, Sicbo hay Poker v\u1edbi lu\u1eadt ch\u01a1i r\u00f5 r\u00e0ng v\u00e0 giao di\u1ec7n tr\u1ef1c quan.<\/span><\/p>\n<figure id=\"attachment_133\" aria-describedby=\"caption-attachment-133\" style=\"width: 800px\" class=\"wp-caption aligncenter\"><img loading=\"lazy\" decoding=\"async\" class=\"size-full wp-image-133\" src=\"https:\/\/ps99slot.com\/wp-content\/uploads\/2026\/01\/kho-tro-choi-casino-da-dang-tai-nha-cai_37.webp\" alt=\"kho-tro-choi-casino-da-dang-tai-nha-cai_37\" width=\"800\" height=\"400\" srcset=\"https:\/\/ps99slot.com\/wp-content\/uploads\/2026\/01\/kho-tro-choi-casino-da-dang-tai-nha-cai_37.webp 800w, https:\/\/ps99slot.com\/wp-content\/uploads\/2026\/01\/kho-tro-choi-casino-da-dang-tai-nha-cai_37-300x150.webp 300w, https:\/\/ps99slot.com\/wp-content\/uploads\/2026\/01\/kho-tro-choi-casino-da-dang-tai-nha-cai_37-768x384.webp 768w\" sizes=\"auto, (max-width: 800px) 100vw, 800px\" \/><figcaption id=\"caption-attachment-133\" class=\"wp-caption-text\">Kho tr\u00f2 ch\u01a1i casino \u0111a d\u1ea1ng t\u1ea1i nh\u00e0 c\u00e1i<\/figcaption><\/figure>\n<h2><span class=\"ez-toc-section\" id=\"Doi_tac_cung_cap_game_uy_tin\"><\/span><b>\u0110\u1ed1i t\u00e1c cung c\u1ea5p game uy t\u00edn<\/b><span class=\"ez-toc-section-end\"><\/span><\/h2>\n<p><span style=\"font-weight: 400;\">Casino ps99 h\u1ee3p t\u00e1c v\u1edbi nhi\u1ec1u nh\u00e0 ph\u00e1t tri\u1ec3n game h\u00e0ng \u0111\u1ea7u th\u1ebf gi\u1edbi, \u0111\u1ea3m b\u1ea3o ch\u1ea5t l\u01b0\u1ee3ng h\u00ecnh \u1ea3nh, t\u00ednh c\u00f4ng b\u1eb1ng v\u00e0 \u0111\u1ed9 \u1ed5n \u0111\u1ecbnh cao cho t\u1eebng b\u00e0n c\u01b0\u1ee3c. \u0110i\u1ec1u n\u00e0y gi\u00fap n\u00e2ng t\u1ea7m tr\u1ea3i nghi\u1ec7m v\u00e0 t\u1ea1o s\u1ef1 tin t\u01b0\u1edfng trong qu\u00e1 tr\u00ecnh tham gia.<\/span><\/p>\n<h2><span class=\"ez-toc-section\" id=\"An_toan_va_bao_mat_thong_tin\"><\/span><b>An to\u00e0n v\u00e0 b\u1ea3o m\u1eadt th\u00f4ng tin<\/b><span class=\"ez-toc-section-end\"><\/span><\/h2>\n<p><span style=\"font-weight: 400;\">casino ps99 \u00e1p d\u1ee5ng c\u00f4ng ngh\u1ec7 m\u00e3 h\u00f3a ti\u00ean ti\u1ebfn nh\u1eb1m b\u1ea3o v\u1ec7 to\u00e0n b\u1ed9 d\u1eef li\u1ec7u c\u00e1 nh\u00e2n v\u00e0 th\u00f4ng tin giao d\u1ecbch. M\u1ecdi ho\u1ea1t \u0111\u1ed9ng \u0111\u1ec1u \u0111\u01b0\u1ee3c ki\u1ec3m so\u00e1t ch\u1eb7t ch\u1ebd, h\u1ea1n ch\u1ebf t\u1ed1i \u0111a nguy c\u01a1 r\u00f2 r\u1ec9 th\u00f4ng tin hay x\u00e2m nh\u1eadp tr\u00e1i ph\u00e9p.<\/span><\/p>\n<h2><span class=\"ez-toc-section\" id=\"Khuyen_mai_khung_thuong_ve_lien_tuc\"><\/span><b>Khuy\u1ebfn m\u00e3i kh\u1ee7ng, th\u01b0\u1edfng v\u1ec1 li\u00ean t\u1ee5c<\/b><span class=\"ez-toc-section-end\"><\/span><\/h2>\n<p><span style=\"font-weight: 400;\">Casino ps99 th\u01b0\u1eddng xuy\u00ean tri\u1ec3n khai nhi\u1ec1u \u01b0u \u0111\u00e3i nh\u01b0 th\u01b0\u1edfng ch\u00e0o m\u1eebng, ho\u00e0n tr\u1ea3 c\u01b0\u1ee3c v\u00e0 qu\u00e0 t\u1eb7ng \u0111\u1ecbnh k\u1ef3. Nh\u1eefng ch\u01b0\u01a1ng tr\u00ecnh n\u00e0y gi\u00fap gia t\u0103ng gi\u00e1 tr\u1ecb tr\u1ea3i nghi\u1ec7m v\u00e0 t\u1ea1o th\u00eam \u0111\u1ed9ng l\u1ef1c khi tham gia gi\u1ea3i tr\u00ed.<\/span><\/p>\n<figure id=\"attachment_97\" aria-describedby=\"caption-attachment-97\" style=\"width: 800px\" class=\"wp-caption aligncenter\"><img loading=\"lazy\" decoding=\"async\" class=\"size-full wp-image-97\" src=\"https:\/\/ps99slot.com\/wp-content\/uploads\/2026\/01\/uu-dai-to-thuong-lien-tuc-nha-cai_63.webp\" alt=\"uu-dai-to-thuong-lien-tuc-nha-cai_63\" width=\"800\" height=\"400\" srcset=\"https:\/\/ps99slot.com\/wp-content\/uploads\/2026\/01\/uu-dai-to-thuong-lien-tuc-nha-cai_63.webp 800w, https:\/\/ps99slot.com\/wp-content\/uploads\/2026\/01\/uu-dai-to-thuong-lien-tuc-nha-cai_63-300x150.webp 300w, https:\/\/ps99slot.com\/wp-content\/uploads\/2026\/01\/uu-dai-to-thuong-lien-tuc-nha-cai_63-768x384.webp 768w\" sizes=\"auto, (max-width: 800px) 100vw, 800px\" \/><figcaption id=\"caption-attachment-97\" class=\"wp-caption-text\">\u01afu \u0111\u00e3i to th\u01b0\u1edfng li\u00ean t\u1ee5c nh\u00e0 c\u00e1i<\/figcaption><\/figure>\n<h2><span class=\"ez-toc-section\" id=\"Top_tro_choi_hap_dan_tai_song_bai\"><\/span><b>Top tr\u00f2 ch\u01a1i h\u1ea5p d\u1eabn t\u1ea1i s\u00f2ng b\u00e0i<\/b><span class=\"ez-toc-section-end\"><\/span><\/h2>\n<p><span style=\"font-weight: 400;\">T\u1ea1i casino ps99, m\u1ed9t s\u1ed1 tr\u00f2 ch\u01a1i n\u1ed5i b\u1eadt lu\u00f4n thu h\u00fat l\u01b0\u1ee3ng l\u1edbn ng\u01b0\u1eddi tham gia nh\u01b0 Baccarat v\u1edbi l\u1ed1i ch\u01a1i \u0111\u01a1n gi\u1ea3n, Blackjack mang t\u00ednh chi\u1ebfn thu\u1eadt cao, Roulette d\u1ef1a v\u00e0o may m\u1eafn v\u00e0 Sicbo v\u1edbi nhi\u1ec1u c\u1eeda c\u01b0\u1ee3c h\u1ea5p d\u1eabn.<\/span><\/p>\n<h2><span class=\"ez-toc-section\" id=\"Cach_tham_gia_don_gian_de_thuc_hien\"><\/span><b>C\u00e1ch tham gia \u0111\u01a1n gi\u1ea3n, d\u1ec5 th\u1ef1c hi\u1ec7n<\/b><span class=\"ez-toc-section-end\"><\/span><\/h2>\n<p><span style=\"font-weight: 400;\">\u0110\u1ec3 tr\u1ea3i nghi\u1ec7m casino ps99, ng\u01b0\u1eddi ch\u01a1i ch\u1ec9 c\u1ea7n th\u1ef1c hi\u1ec7n c\u00e1c b\u01b0\u1edbc \u0111\u01a1n gi\u1ea3n:<\/span><\/p>\n<ul>\n<li style=\"font-weight: 400;\" aria-level=\"1\"><span style=\"font-weight: 400;\">Truy c\u1eadp trang ch\u1ee7 v\u00e0 \u0111\u0103ng nh\u1eadp t\u00e0i kho\u1ea3n.<\/span><\/li>\n<li style=\"font-weight: 400;\" aria-level=\"1\"><span style=\"font-weight: 400;\">Ch\u1ecdn m\u1ee5c s\u00f2ng b\u00e0i trong menu ch\u00ednh.<\/span><\/li>\n<li style=\"font-weight: 400;\" aria-level=\"1\"><span style=\"font-weight: 400;\">L\u1ef1a ch\u1ecdn s\u1ea3nh v\u00e0 b\u00e0n c\u01b0\u1ee3c ph\u00f9 h\u1ee3p.<\/span><\/li>\n<li style=\"font-weight: 400;\" aria-level=\"1\"><span style=\"font-weight: 400;\">\u0110\u1eb7t c\u01b0\u1ee3c v\u00e0 b\u1eaft \u0111\u1ea7u tr\u1ea3i nghi\u1ec7m.<\/span><\/li>\n<\/ul>\n<h2><span class=\"ez-toc-section\" id=\"Dich_vu_ho_tro_chuyen_nghiep\"><\/span><b>D\u1ecbch v\u1ee5 h\u1ed7 tr\u1ee3 chuy\u00ean nghi\u1ec7p<\/b><span class=\"ez-toc-section-end\"><\/span><\/h2>\n<p><span style=\"font-weight: 400;\">Casino ps99 x\u00e2y d\u1ef1ng \u0111\u1ed9i ng\u0169 ch\u0103m s\u00f3c kh\u00e1ch h\u00e0ng ho\u1ea1t \u0111\u1ed9ng li\u00ean t\u1ee5c, s\u1eb5n s\u00e0ng gi\u1ea3i \u0111\u00e1p th\u1eafc m\u1eafc v\u00e0 h\u1ed7 tr\u1ee3 x\u1eed l\u00fd s\u1ef1 c\u1ed1. Nh\u1edd \u0111\u00f3, qu\u00e1 tr\u00ecnh gi\u1ea3i tr\u00ed lu\u00f4n \u0111\u01b0\u1ee3c \u0111\u1ea3m b\u1ea3o di\u1ec5n ra tr\u01a1n tru v\u00e0 \u1ed5n \u0111\u1ecbnh.<\/span><\/p>\n<h2><span class=\"ez-toc-section\" id=\"Ket_luan\"><\/span><b>K\u1ebft lu\u1eadn<\/b><span class=\"ez-toc-section-end\"><\/span><\/h2>\n<p><span style=\"font-weight: 400;\">Casino ps99 l\u00e0 l\u1ef1a ch\u1ecdn l\u00fd t\u01b0\u1edfng cho nh\u1eefng ai t\u00ecm ki\u1ebfm m\u1ed9t m\u00f4i tr\u01b0\u1eddng gi\u1ea3i tr\u00ed tr\u1ef1c tuy\u1ebfn an to\u00e0n, hi\u1ec7n \u0111\u1ea1i v\u00e0 \u0111a d\u1ea1ng tr\u00f2 ch\u01a1i. V\u1edbi h\u1ec7 th\u1ed1ng c\u00f4ng ngh\u1ec7 ti\u00ean ti\u1ebfn, ch\u00ednh s\u00e1ch b\u1ea3o m\u1eadt ch\u1eb7t ch\u1ebd v\u00e0 d\u1ecbch v\u1ee5 h\u1ed7 tr\u1ee3 chuy\u00ean nghi\u1ec7p, casino ps99 mang \u0111\u1ebfn tr\u1ea3i nghi\u1ec7m s\u00f2ng b\u00e0i tr\u1ef1c tuy\u1ebfn \u1ed5n \u0111\u1ecbnh, \u0111\u1eb3ng c\u1ea5p v\u00e0 \u0111\u00e1ng tin c\u1eady cho m\u1ecdi ng\u01b0\u1eddi d\u00f9ng.<\/span><\/p>\n","protected":false},"excerpt":{"rendered":"<p>Casino PS99 \u2013 Tr\u1ea3i nghi\u1ec7m s\u00f2ng b\u00e0i tr\u1ef1c tuy\u1ebfn \u0111\u1eb3ng c\u1ea5p qu\u1ed1c t\u1ebf Casino ps99 l\u00e0 n\u1ec1n t\u1ea3ng s\u00f2ng b\u00e0i tr\u1ef1c tuy\u1ebfn hi\u1ec7n \u0111\u1ea1i, an to\u00e0n v\u00e0 chuy\u00ean nghi\u1ec7p, mang \u0111\u1ebfn tr\u1ea3i nghi\u1ec7m gi\u1ea3i tr\u00ed m\u01b0\u1ee3t m\u00e0 v\u1edbi kho game \u0111a d\u1ea1ng, giao di\u1ec7n \u0111\u1eb9p v\u00e0 h\u1ec7 th\u1ed1ng b\u1ea3o m\u1eadt cao. Kh\u00e1m ph\u00e1 t\u1ed5ng quan [&#8230;]\n","protected":false},"author":1,"featured_media":112,"parent":0,"menu_order":0,"comment_status":"closed","ping_status":"closed","template":"","meta":{"footnotes":""},"class_list":["post-150","page","type-page","status-publish","has-post-thumbnail","hentry"],"_links":{"self":[{"href":"https:\/\/ps99slot.com\/wp-json\/wp\/v2\/pages\/150","targetHints":{"allow":["GET"]}}],"collection":[{"href":"https:\/\/ps99slot.com\/wp-json\/wp\/v2\/pages"}],"about":[{"href":"https:\/\/ps99slot.com\/wp-json\/wp\/v2\/types\/page"}],"author":[{"embeddable":true,"href":"https:\/\/ps99slot.com\/wp-json\/wp\/v2\/users\/1"}],"replies":[{"embeddable":true,"href":"https:\/\/ps99slot.com\/wp-json\/wp\/v2\/comments?post=150"}],"version-history":[{"count":2,"href":"https:\/\/ps99slot.com\/wp-json\/wp\/v2\/pages\/150\/revisions"}],"predecessor-version":[{"id":152,"href":"https:\/\/ps99slot.com\/wp-json\/wp\/v2\/pages\/150\/revisions\/152"}],"wp:featuredmedia":[{"embeddable":true,"href":"https:\/\/ps99slot.com\/wp-json\/wp\/v2\/media\/112"}],"wp:attachment":[{"href":"https:\/\/ps99slot.com\/wp-json\/wp\/v2\/media?parent=150"}],"curies":[{"name":"wp","href":"https:\/\/api.w.org\/{rel}","templated":true}]}}